-3*o - 4*k + a. List the prime factors of o.
3, 73
Let h(k) = -2*k - 2*k - 3*k + 0*k - 17. List the prime factors of h(-5).
2, 3
Suppose -5*f + 2828 - 28 = 0. What are the prime factors of f?
2, 5, 7
Let m(h) be the first derivative of 1/2*h**2 + 0*h - 2/3*h**3 - 1/4*h**4 - 6. List the prime factors of m(-4).
2, 7
Let g be 9 + -4 + -3 + 140. Let t = g + 2. List the prime factors of t.
2, 3
List the prime factors of 568/(-8804) + (-31219)/(-31).
19, 53
What are the prime factors of ((-186)/(-10))/(2/150)?
3, 5, 31
Let j = 70 + -122. Let y = 95 + j. Suppose -78 = -3*u + 3*i, 4*u - 55 = i + y. List the prime factors of u.
2, 3
Let u(k) = 3*k**2 - 5. Let i be 0*((-3)/(-6))/(-1). Suppose x + i*x = 3. What are the prime factors of u(x)?
2, 11
Let l(n) = 9*n - 6. Let o be l(-3). What are the prime factors of (-2 - o/15) + (-1178)/(-10)?
2, 59
List the prime factors of 2/((-34576)/8648 + 4).
23, 47
Let c = 32 + -47. What are the prime factors of c/(-35) - -403*2/14?
2, 29
Suppose -30*v + 22523 = -15667. What are the prime factors of v?
19, 67
Let n(s) = 214*s - 28. What are the prime factors of n(6)?
2, 157
Suppose 2*l + 11 - 1 = 0, -4*l = w - 1394. List the prime factors of w.
2, 7, 101
Suppose 3*h + 0*h = d - 9, 4*d = 0. Let c(x) = 13*x**2 - 3*x - 19. List the prime factors of c(h).
107
Let q(d) = 21 - 6*d - 17 - 2*d**2 + d**2. List the prime factors of q(-6).
2
List the prime factors of 19132/10 + 8/10.
2, 3, 11, 29
Let h(n) = n**3 + 2*n**2 - 3*n - 1. Let q be h(-2). Suppose 607 = 5*p + b, -b = -q*p + 706 - 103. List the prime factors of p.
11
Let r(t) = 26*t**2 + t + 16. What are the prime factors of r(-4)?
2, 107
Suppose 0 = -4*u - 5*s + 107, 68 = 5*u - 2*s - 41. Let b = 30 - u. Let v(k) = k**2 - 3*k + 1. What are the prime factors of v(b)?
29
Let i(s) = -s**3 - 36*s**2 - 68*s + 29. What are the prime factors of i(-35)?
2, 37
Let w(d) = 52*d - 79. List the prime factors of w(2).
5
Let g = -10 - -134. Let p = 174 - g. List the prime factors of p.
2, 5
What are the prime factors of 1114/9 - (260/(-90))/13?
2, 31
Suppose -4*x + 17 = 5*p, p - 5 = -0. What are the prime factors of 7*(0 + 3 + x)?
7
Let g(z) = 5 + 0*z + z - 2*z - 2. Let h be g(4). Let r = h - -12. List the prime factors of r.
11
Suppose -17 = -3*k + 4. Suppose -k*p + 10*p - 366 = 0. What are the prime factors of p?
2, 61
Let u(p) = 113*p + 1206. What are the prime factors of u(0)?
2, 3, 67
Suppose 5*r = 9*r - 12. What are the prime factors of r*-65*(16/(-12) - -1)?
5, 13
Let k be (-1)/(1 + 48/(-45)). What are the prime factors of (96/(-28))/(k/(-7) + 2)?
2, 3
Suppose -6*d + 0*d - 12 = 0. What are the prime factors of (d/(-4) - 2)/((-3)/236)?
2, 59
Let w(h) = h**3 - 2*h - 6. Let c be w(3). Suppose 2*j = j - 13. Let z = c + j. What are the prime factors of z?
2
List the prime factors of (0/9 - 9) + 3509.
2, 5, 7
Let j(t) = -t**3 + 4*t**2 + 8*t - 9. Let d be j(-6). List the prime factors of d + ((-2)/(-8) - (-340)/(-80)).
13, 23
Let h(f) = 7*f + 410. What are the prime factors of h(0)?
2, 5, 41
List the prime factors of (502/4)/(4 - (-115)/(-30)).
3, 251
Let c(d) be the first derivative of -d**4/4 + d**3/3 + 9*d**2/2 + 7*d + 26. What are the prime factors of c(-4)?
3, 17
Suppose 7*g + 224 = t + 3*g, 0 = 3*g - 6. List the prime factors of t.
2, 29
Suppose 4*i + 4*a = 3472, 0*a - 1736 = -2*i - 3*a. List the prime factors of i.
2, 7, 31
Suppose -5*t + 9005 = -5*q, -4*t - 5*q + 3865 = -3330. What are the prime factors of t?
2, 3, 5
Let k be 24/14*28/8. Let i(l) = 21*l - 12. What are the prime factors of i(k)?
2, 3, 19
Let f = -1004 - -2044. What are the prime factors of f?
2, 5, 13
List the prime factors of (-98 - (-9 + 11))/((-6)/57).
2, 5, 19
List the prime factors of (6 - (17 - 3)) + 365.
3, 7, 17
Let g(w) = w**2 + w + 5. Let q be g(10). Suppose -3*b - 4*c = -q - 76, b = -c + 65. What are the prime factors of b?
3, 23
Suppose 4543 = 19*k - 8*k. List the prime factors of k.
7, 59
Suppose 3*g + 4*i - 3620 = 0, -4*g - 5*i - 2645 + 7470 = 0. List the prime factors of g.
2, 3, 5
Suppose -3*v = -0*v + 2*f - 1024, 0 = 2*v + f - 682. Suppose 0 = -2*l + 2*t + 216, -5*l - t + v = -2*l. List the prime factors of l.
2, 7
Suppose -12*m = -7*m + 10, -2*m + 7821 = 5*a. List the prime factors of a.
5, 313
Suppose 736 = 25*a - 9*a. What are the prime factors of a?
2, 23
Let i = 608 + -357. What are the prime factors of i?
251
Let k(g) = -2*g**3 - 30*g**2 + 28*g - 3. What are the prime factors of k(-17)?
677
Let o(u) = 36*u**2 - 4*u - 61. What are the prime factors of o(-8)?
5, 7, 13
Suppose -2764 = -5*d + d + 2*a, 0 = a. What are the prime factors of d?
691
Let r(x) = -2*x - 1 + 4*x**2 + 0 - 7. What are the prime factors of r(4)?
2, 3
List the prime factors of 677*-11*(-7)/77.
677
Let v(f) = -f**3 - 7*f**2 - 7*f - 8. Let r be v(-6). Let y be 3/r*4/(-6). Let g(m) = 6*m**3 + m**2. List the prime factors of g(y).
7
Let k(u) = -u + 17. Let t(j) = -3*j + 34. Let f(w) = 5*k(w) - 2*t(w). Let z be ((-5)/(-1))/(((-1)/(-4))/1). What are the prime factors of f(z)?
37
Let o be 7 + (0 - 2)/1. List the prime factors of (-1)/1 + (2625/o)/5.
2, 13
Let c be 0/(-1) + (-5)/((-5)/(-3)). List the prime factors of -5 + 81 + (-2)/(-2)*c.
73
Let s = 19 + -69. Let w = -33 - s. List the prime factors of w.
17
Let o be (24/42)/((-4)/(-14)). Let i = 1 + -8. List the prime factors of 1*-2*(i - o).
2, 3
List the prime factors of (2706/(-55))/(1 + (-23)/20).
2, 41
Let u = -72 + 172. List the prime factors of u.
2, 5
Suppose -3*c - 5*d = -149, -4*d = -4*c + 2*c + 136. Suppose 0 = -4*j + 102 + c. List the prime factors of j.
2, 5
Suppose -6 = -3*a - 0*a. Suppose a*q - 4*q = -24. List the prime factors of q.
2, 3
Let s = 566 - 15. List the prime factors of s.
19, 29
Let q(d) = 1103*d**2 + 11*d - 12. What are the prime factors of q(1)?
2, 19, 29
Let b(n) = -n - 8. Let u be b(-8). Suppose u = s - 11 + 1. Suppose q - s - 9 = 0. What are the prime factors of q?
19
Suppose -2*v = -5*l + 519, -3*l + 229 + 70 = 5*v. Suppose -k + l = -86. What are the prime factors of k?
3, 7
Let f be ((-4)/(-2))/((-4)/34). Let c = f + 36. What are the prime factors of c?
19
Suppose 4*v - 25*c - 398 = -22*c, 0 = -2*v - 5*c + 186. What are the prime factors of v?
2, 7
Let s = 2440 + -1320. What are the prime factors of s?
2, 5, 7
Suppose -39*i - 16802 = -85832. List the prime factors of i.
2, 3, 5, 59
Suppose 4*x + 270 = 2*f, 2*x - 5*f = -3*x - 345. List the prime factors of (213/(-2) - x/44)*-1.
3, 5, 7
Let c(f) = 3*f - 11. Let b be c(4). Let w(y) = 219*y + 3. What are the prime factors of w(b)?
2, 3, 37
Let u = 4 + 20. Let j be 1 + 0 + u/12. List the prime factors of 34 - (4 + -1 - j).
2, 17
Let l(x) be the first derivative of -9*x**2/2 - 20*x + 9. What are the prime factors of l(-25)?
5, 41
Let c(y) be the first derivative of -25*y**2/2 - 4*y - 27. List the prime factors of c(-3).
71
List the prime factors of (5 - 0) + (-3780)/(-14) + -11.
2, 3, 11
Let j = 227 + 297. List the prime factors of j.
2, 131
Let w be (-160)/(3 - (-8)/(-4)). Let s = -94 - w. What are the prime factors of s?
2, 3, 11
Suppose -51*p + 37*p = -17150. What are the prime factors of p?
5, 7
Let t = 130 - 100. What are the prime factors of t?
2, 3, 5
Suppose 30*p = 25*p + 165. Suppose 3*d = -0*d - p. What are the prime factors of 4*2/(-8)*d?
11
Suppose 5*u + 3*k = 3600, -5*u + 815 = 4*k - 2785. What are the prime factors of u?
2, 3, 5
Let g = 5 + -3. Suppose -8*m = -g*m - 324. List the prime factors of m.
2, 3
Let i = -288 - -490. List the prime factors of i.
2, 101
Let n(y) be the first derivative of 3*y**2/2 + 5*y + 1. Let x(j) = -2*j - 3. Let i(z) = -5*n(z) - 8*x(z). List the prime factors of i(6).
5
Let t(v) = 19 - 26*v - v**2 - 7 + 34*v. List the prime factors of t(9).
3
Suppose 4*u = m - 50, -m - 4*m - 5*u = -125. Let v = m + 28. Let w = v + -30. List the prime factors of w.
2, 7
Suppose 0 = 4*i + 1 - 17. Let v = 274 + -154. Suppose -2*a - v = -i*l - a, 20 = -5*a. List the prime factors of l.
29
Let h(r) = r**3 - 3*r**2 - 10*r + 15. Let q be (-9)/27*-1*(13 - -2). What are the prime factors of h(q)?
3, 5
Let p = -9254 + 14538. List the prime factors of p.
2, 1321
Suppose 4*r + 5*k = -77, r + 2*k = -2*k - 22. Let f = -16 - r. What are the prime factors of f?
2
Let c = -3 - 0. Let a be 